n 3419845 is divided by 904.
13
What is the remainder when 137294327 is divided by 8?
7
Calculate the remainder when 3668234 is divided by 282.
260
What is the remainder when 3782635 is divided by 442?
441
What is the remainder when 6572787 is divided by 1280?
1267
What is the remainder when 299122 is divided by 6955?
57
Calculate the remainder when 4644890 is divided by 1548276.
62
Calculate the remainder when 232087 is divided by 229440.
2647
What is the remainder when 63507905 is divided by 1764108?
17
What is the remainder when 14112465 is divided by 1568051?
6
Calculate the remainder when 498681 is divided by 31157.
169
Calculate the remainder when 80810 is divided by 719.
282
Calculate the remainder when 66927903 is divided by 423.
420
What is the remainder when 134213 is divided by 194?
159
Calculate the remainder when 11367390 is divided by 131.
127
What is the remainder when 496481317 is divided by 20?
17
Calculate the remainder when 2326509 is divided by 945.
864
What is the remainder when 22817 is divided by 1574?
781
Calculate the remainder when 941883 is divided by 7849.
3
Calculate the remainder when 55632 is divided by 13887.
84
What is the remainder when 67169 is divided by 2355?
1229
What is the remainder when 44996700 is divided by 91830?
0
What is the remainder when 600278 is divided by 3720?
1358
Calculate the remainder when 2485213 is divided by 414201.
7
What is the remainder when 2463400 is divided by 136855?
10
Calculate the remainder when 119659 is divided by 2021.
420
What is the remainder when 5311637 is divided by 162?
143
Calculate the remainder when 423977 is divided by 90.
77
What is the remainder when 218755 is divided by 109011?
733
Calculate the remainder when 14070446 is divided by 950.
946
What is the remainder when 73751 is divided by 1251?
1193
Calculate the remainder when 82318 is divided by 7492.
7398
Calculate the remainder when 6148741 is divided by 119.
11
What is the remainder when 2532898 is divided by 409?
370
Calculate the remainder when 65275 is divided by 29858.
5559
What is the remainder when 1056182 is divided by 11735?
32
What is the remainder when 769856 is divided by 11?
10
Calculate the remainder when 10310534 is divided by 348.
338
Calculate the remainder when 8055999 is divided by 100.
99
Calculate the remainder when 5569800 is divided by 6545.
5
Calculate the remainder when 2964203 is divided by 90.
53
Calculate the remainder when 403418 is divided by 9023.
6406
What is the remainder when 64902 is divided by 2161?
72
Calculate the remainder when 459941 is divided by 1691.
1680
Calculate the remainder when 365570 is divided by 243.
98
Calculate the remainder when 7685 is divided by 2515.
140
Calculate the remainder when 133543794 is divided by 26708756.
14
What is the remainder when 29811330 is divided by 756?
738
What is the remainder when 4247325 is divided by 4334?
5
What is the remainder when 332252 is divided by 33224?
12
Calculate the remainder when 9584073 is divided by 84814.
91
What is the remainder when 46504 is divided by 7657?
562
What is the remainder when 5532950 is divided by 125747?
82
What is the remainder when 74009 is divided by 74007?
2
What is the remainder when 119961314 is divided by 59980655?
4
What is the remainder when 50689130 is divided by 50689122?
8
Calculate the remainder when 3500771 is divided by 2411.
2410
Calculate the remainder when 7008701 is divided by 2624.
2621
What is the remainder when 83420689 is divided by 1544827?
31
Calculate the remainder when 440768 is divided by 6678.
20
What is the remainder when 8165653 is divided by 2447?
14
What is the remainder when 13205602 is divided by 15?
7
What is the remainder when 10813212 is divided by 234?
72
Calculate the remainder when 224494 is divided by 662.
76
Calculate the remainder when 204880023 is divided by 47547.
0
Calculate the remainder when 1963306 is divided by 1647.
82
What is the remainder when 397212 is divided by 328?
4
Calculate the remainder when 9805888 is divided by 391.
390
What is the remainder when 227198 is divided by 2969?
1554
What is the remainder when 5117469 is divided by 30?
9
Calculate the remainder when 32300 is divided by 4022.
124
What is the remainder when 372306336 is divided by 14319474?
12
Calculate the remainder when 56478 is divided by 7357.
4979
Calculate the remainder when 613289 is divided by 415.
334
Calculate the remainder when 21500 is divided by 6974.
578
Calculate the remainder when 122492 is divided by 329.
104
What is the remainder when 306874 is divided by 70?
64
What is the remainder when 542520 is divided by 270070?
2380
What is the remainder when 17169580 is divided by 615?
10
What is the remainder when 323851161 is divided by 14?
11
Calculate the remainder when 555286758 is divided by 10.
8
What is the remainder when 676197 is divided by 3181?
1825
Calculate the remainder when 3279272 is divided by 231.
227
What is the remainder when 117444533 is divided by 11?
8
What is the remainder when 31279 is divided by 1115?
59
What is the remainder when 144956 is divided by 501?
167
What is the remainder when 1908055 is divided by 382?
347
Calculate the remainder when 33217 is divided by 551.
157
What is the remainder when 11499490 is divided by 457?
456
What is the remainder when 76125707 is divided by 367?
365
Calculate the remainder when 4710416 is divided by 1331.
7
What is the remainder when 33924 is divided by 32255?
1669
Calculate the remainder when 90742 is divided by 6027.
337
What is the remainder when 17152614 is divided by 131?
129
Calculate the remainder when 301837744 is divided by 1239.
1237
What is the remainder when 51876179 is divided by 3051539?
16
Calculate the remainder when 54536284 is divided by 16.
12
What is the remainder when 3201560 is divided by 2593?
1798
What is the remainder when 1787133 is divided by 32?
29
Calculate the remainder when 21892853 is divided by 20.
13
What is the remainder when 2777277 is divided by 320?
317
Calculate the remainder when 20899 is divided by 4086.
469
Calculate the remainder when 40883455 is divided by 16.
15
Calculate the remainder when 1123913 is divided by 74.
1
What is the remainder when 19727393 is divided by 5?
3
Calculate the remainder when 390166 is divided by 78019.
71
Calculate the remainder when 2590364579 is divided by 30.
29
What is the remainder when 63356 is divided by 2437?
2431
What is the remainder when 4542397 is divided by 41?
7
Calculate the remainder when 4533985 is divided by 23738.
27
What is the remainder when 568237 is divided by 2255?
2232
Calculate the remainder when 1576847 is divided by 4107.
3866
Calculate the remainder when 757236 is divided by 32923.
7
Calculate the remainder when 211337 is divided by 42.
35
What is the remainder when 3438629 is divided by 5502?
5381
Calculate the remainder when 39770 is divided by 291.
194
What is the remainder when 18492662 is divided by 4623158?
30
What is the remainder when 35659799 is divided by 25?
24
Calculate the remainder when 19049 is divided by 78.
17
Calculate the remainder when 37851 is divided by 1008.
555
What is the remainder when 4424715 is divided by 1474893?
36
What is the remainder when 16249267 is divided by 2715?
2707
What is the remainder when 78096 is divided by 133?
25
What is the remainder when 440809 is divided by 1455?
1399
What is the remainder when 71564 is divided by 183?
11
What is the remainder when 152390 is divided by 10766?
1666
What is the remainder when 1059554 is divided by 378?
20
Calculate the remainder when 2539185 is divided by 11489.
116
What is the remainder when 309300 is divided by 299?
134
Calculate the remainder when 152669 is divided by 426.
161
Calculate the remainder when 120689 is divided by 17221.
142
Calculate the remainder when 387790 is divided by 27585.
1600
What is the remainder when 278622 is divided by 49?
8
What is the remainder when 1294770 is divided by 345?
330
What is the remainder when 130646813 is divided by 65?
63
Calculate the remainder when 32309827 is divided by 1037.
18
Calculate the remainder when 806870 is divided by 4269.
29
Calculate the remainder when 49151187 is divided by 20.
7
What is the remainder when 8854572 is divided by 120?
12
What is the remai